
False
Is 225880567 prime?
False
Is 8609324159 composite?
False
Is 14479 a prime number?
True
Is 2164615091 composite?
False
Is 10140001 prime?
True
Is 8302426507 a prime number?
False
Is 488827063 composite?
True
Is 18749760617 prime?
False
Is 53548673 a composite number?
True
Is 1782174731 composite?
True
Is 2325643693 composite?
True
Is 7326437497 prime?
True
Is 14564165377 a composite number?
True
Is 16927546763 prime?
True
Is 59988299131 a composite number?
True
Is 495076973 prime?
False
Is 7166710303 a prime number?
False
Is 631454801 a composite number?
False
Is 793870271 prime?
True
Is 846477157 composite?
True
Is 10365219665 a composite number?
True
Is 6307123787 composite?
False
Is 4288055171 composite?
True
Is 9762061763 composite?
False
Is 1598876159 a composite number?
False
Is 29071876391 a composite number?
False
Is 364843223 prime?
True
Is 31167544139 a prime number?
False
Is 2873037851 a composite number?
False
Is 407563204765 composite?
True
Is 2784055606 a composite number?
True
Is 2661630553 a composite number?
True
Is 3446178607 prime?
False
Is 10748345219 a composite number?
True
Is 6571505503 a prime number?
False
Is 6804967009 a composite number?
True
Is 90366391 composite?
False
Is 7488487649 prime?
True
Is 17853528359 a prime number?
True
Is 30229402319 composite?
False
Is 1556353054 a prime number?
False
Is 410137241 composite?
False
Is 9420233143 composite?
False
Is 227393359 a composite number?
True
Is 26723525083 composite?
True
Is 296532317 a composite number?
False
Is 1551492941 composite?
False
Is 1598555986 a composite number?
True
Is 42508858103 a composite number?
False
Is 39201428353 a composite number?
False
Is 5776668071 composite?
False
Is 5401148449 a prime number?
False
Is 4287693659 composite?
True
Is 526665203 composite?
False
Is 25527289201 a composite number?
False
Is 19887097229 a composite number?
False
Is 2334000365 prime?
False
Is 14938738198 a prime number?
False
Is 9460082563 a composite number?
True
Is 599013781 prime?
True
Is 3164465053 a prime number?
False
Is 9635548001 composite?
True
Is 2672598869 prime?
True
Is 35512034881 composite?
True
Is 681107752163 a prime number?
True
Is 2913614911 a composite number?
True
Is 846383 prime?
True
Is 1150829083 a composite number?
True
Is 812993833 a prime number?
True
Is 36716451769 a composite number?
False
Is 40909615127 a prime number?
False
Is 34544597083 a composite number?
True
Is 1017726821 composite?
False
Is 1486167577 composite?
False
Is 6370420709 prime?
True
Is 1909649297 a composite number?
False
Is 116375689 a prime number?
True
Is 232281011 composite?
True
Is 3512141933 a composite number?
True
Is 1411608587 a prime number?
True
Is 5775870389 a prime number?
True
Is 2114569313 prime?
True
Is 1961331115 a composite number?
True
Is 136078113953 a composite number?
True
Is 631187681 a prime number?
False
Is 439545853 prime?
True
Is 5829797 prime?
False
Is 30748486291 a composite number?
False
Is 1197828349 a prime number?
False
Is 77825159339 a composite number?
False
Is 12553094941 composite?
False
Is 186250469 composite?
True
Is 3879782363 prime?
False
Is 6801538747 composite?
False
Is 1303310941 prime?
True
Is 587328221 a composite number?
True
Is 1338970669 composite?
True
Is 59958163469 a composite number?
True
Is 316499041 a composite number?
True
Is 49112141657 a composite number?
True
Is 12013749379 prime?
False
Is 862363631 composite?
True
Is 395831329 a composite number?
False
Is 82186243415 a prime number?
False
Is 10673003681 composite?
True
Is 340394224193 prime?
True
Is 2506950317 a prime number?
True
Is 76493281 prime?
True
Is 60035191581 a composite number?
True
Is 9643200103 a composite number?
False
Is 2211048599 a prime number?
True
Is 748667363 a composite number?
False
Is 56565045029 prime?
True
Is 540681541 prime?
True
Is 18212236949 a prime number?
False
Is 91346973791 prime?
True
Is 17784022849 a prime number?
True
Is 41914607953 a prime number?
True
Is 20662480921 prime?
False
Is 6180288589 a prime number?
True
Is 40564551107 composite?
False
Is 2474266229 composite?
False
Is 2965641883 a prime number?
True
Is 155685223 a composite number?
False
Is 4460479109 a prime number?
False
Is 243149381 a composite number?
True
Is 674000671 prime?
False
Is 9047184451 prime?
False
Is 20182219163 prime?
False
Is 72752987 a composite number?
False
Is 1350905089 composite?
True
Is 119312884199 a composite number?
False
Is 1483095197 a prime number?
True
Is 475840879 composite?
False
Is 2656741361 a prime number?
True
Is 815919599 prime?
False
Is 6925488989 a prime number?
True
Is 1281866519 a composite number?
True
Is 2476616759 a composite number?
False
Is 4024531889 prime?
False
Is 47970466463 a composite number?
False
Is 293001767 a prime number?
True
Is 1062652727 composite?
False
Is 3858255889 composite?
False
Is 309812793 a composite number?
True
Is 74911639553 prime?
True
Is 11537690443 composite?
True
Is 587227349 composite?
True
Is 2790547 prime?
True
Is 3170579351 composite?
True
Is 4593522151 a prime number?
True
Is 3066873967 a composite number?
True
Is 53494712749 composite?
False
Is 1083000343 a composite number?
False
Is 2865189883 prime?
False
Is 12581542409 composite?
True
Is 1529148613 a prime number?
True
Is 306868249 a prime number?
True
Is 589974701 a prime number?
True
Is 112254518483 a prime number?
False
Is 2953403051 composite?
False
Is 1330182923 a composite number?
True
Is 923783411 a prime number?
True
Is 228387559 composite?
False
Is 57428669293 a composite number?
True
Is 270416197 a prime number?
False
Is 33193830721 prime?
False
Is 2879036807 composite?
True
Is 3280153337 prime?
True
Is 2814770687 prime?
True
Is 10587105547 prime?
True
Is 3852530899 prime?
False
Is 5946716099 composite?
False
Is 272646587 a prime number?
True
Is 208680379 composite?
False
Is 1048557103 prime?
False
Is 704442631 prime?
True
Is 1579214785 a prime number?
False
Is 138636013843 a composite number?
False
Is 452201707 a composite number?
True
Is 4982639897 composite?
False
Is 866745937 composite?
False
Is 6090639187 a prime number?
True
Is 4587213473 prime?
True
Is 80451037 a composite number?
True
Is 35999152642 composite?
True
Is 9510486317 a prime number?
True
Is 7481893421 a prime number?
True
Is 1131238741 prime?
False
Is 92932085867 composite?
False
Is 164408521 prime?
True
Is 2424875069 composite?
True
Is 52229107127 a prime number?
True
Is 1097344463 composite?
False
Is 15905601001 a composite number?
True
Is 4124431621 a composite number?
True
Is 5216481899 prime?
True
Is 334104161 a composite number?
True
Is 36561364429 a prime number?
True
Is 152766503 a prime number?
True
Is 506236811 prime?
True
Is 830088751 composite?
True
Is 1648420491 composite?
True
Is 8938317329 a prime number?
True
Is 90153358501 composite?
True
Is 2408485073 prime?
True
Is 13666910819 a prime number?
False
Is 320563961 a composite number?
True
Is 374212547 prime?
True
Is 2051478439 composite?
True
Is 156981149 a composite number?
True
Is 96297577 a composite number?
False
Is 9273242089 prime?
True
Is 937231681 a composite number?
False
Is 3917824193 prime?
False
Is 1287839147 a composite number?
True
Is 29039282813 a composite number?
True
Is 2470045723 composite?
False
Is 3516908729 a prime number?
False
Is 2854772654 composite?
True
Is 24556778219 prime?
True
Is 168029224553 prime?
True
Is 9112267777 a prime number?
False
Is 3160497803 a prime number?
False
Is 716057293 prime?
False
Is 478846273 prime?
True
Is 5151870413 a composite number?
False
Is 17261315743 a prime number?
False
Is 274226593 prime?
True
Is 2127393973 composite?
False
Is 312107183 a prime number?
True
Is 14500049605 a prime number?
False
Is 40996074877 a composite number?
True
Is 35437498 prime?
False
Is 488341741 composite?
False
Is 1569333133 prime?
False
Is 2903821147 prime?
False
Is 9288426523 a composite number?
False
Is 262064433493 a composite number?
True
Is 20277880927 prime?
True
Is 7817731505 composite?
True
Is 6042008053 composite?
True
Is 1970117889 composite?
True
Is 1253858741 a composite number?
True
Is 57376301 composite?
False
Is 1491054817 prime?
False
Is 204832241 prime?
False
Is 540612071 a composite number?
False
Is 1495667777 comp